Dec 02 00:43:01.940 INFO testing andreaseg/lang against master#8940af3cea4a9a9deabcaf843b2f8cad9a83fc61 for beta-1.31-5
Dec 02 00:43:01.940 INFO running `"docker" "create" "-v" "/mnt/big/crater/work/local/target-dirs/beta-1.31-5/worker-3/master#8940af3cea4a9a9deabcaf843b2f8cad9a83fc61:/target:rw,Z" "-v" "/mnt/big/crater/work/local/test-source/worker-3/beta-1.31-5/master#8940af3cea4a9a9deabcaf843b2f8cad9a83fc61:/source:ro,Z" "-v" "/mnt/big/crater/work/local/cargo-home:/cargo-home:ro,Z" "-v" "/mnt/big/crater/work/local/rustup-home:/rustup-home:ro,Z" "-e" "USER_ID=1000" "-e" "SOURCE_DIR=/source" "-e" "USER_ID=1000" "-e" "CMD=cargo +8940af3cea4a9a9deabcaf843b2f8cad9a83fc61-alt build --frozen" "-e" "CARGO_TARGET_DIR=/target" "-e" "CARGO_INCREMENTAL=0" "-e" "RUST_BACKTRACE=full" "-e" "RUSTFLAGS=--cap-lints=warn" "-e" "CARGO_HOME=/cargo-home" "-e" "RUSTUP_HOME=/rustup-home" "-m" "1536M" "--network" "none" "crater"`
Dec 02 00:43:02.523 INFO [stdout] 7750c7c3589a47849043eb44508e21cef1acada691c38cd2fb225fdffc9b6143
Dec 02 00:43:02.526 INFO running `"docker" "start" "-a" "7750c7c3589a47849043eb44508e21cef1acada691c38cd2fb225fdffc9b6143"`
Dec 02 00:43:05.090 INFO [stderr] usermod: no changes
Dec 02 00:43:05.301 INFO [stderr]    Compiling syn v0.15.8
Dec 02 00:43:05.302 INFO [stderr]    Compiling num v0.2.0
Dec 02 00:43:17.782 INFO [stderr]    Compiling num-derive v0.2.3
Dec 02 00:43:26.351 INFO [stderr]    Compiling lang v0.1.0 (/source)
Dec 02 00:43:27.843 INFO [stderr] error[E0432]: unresolved import `self::terminal`
Dec 02 00:43:27.843 INFO [stderr]    --> src/visualizer/ast_tree.rs:168:19
Dec 02 00:43:27.843 INFO [stderr]     |
Dec 02 00:43:27.843 INFO [stderr] 168 |         use self::terminal::Constness as C;
Dec 02 00:43:27.843 INFO [stderr]     |                   ^^^^^^^^ could not find `terminal` in `self`
Dec 02 00:43:27.843 INFO [stderr] 
Dec 02 00:43:27.843 INFO [stderr] error[E0432]: unresolved import `self::ast::Scope`
Dec 02 00:43:27.843 INFO [stderr]    --> src/compiler/parser.rs:203:25
Dec 02 00:43:27.843 INFO [stderr]     |
Dec 02 00:43:27.843 INFO [stderr] 203 |                       use $error_type as path;
Dec 02 00:43:27.843 INFO [stderr]     |                           ^^^^^^^^^^^^^^^^^^^ no `Scope` in `compiler::parser::ast`
Dec 02 00:43:27.843 INFO [stderr] ...
Dec 02 00:43:27.843 INFO [stderr] 372 | /             expect_tokens!(tokens, self::ast::Scope, "Expected ;",
Dec 02 00:43:27.843 INFO [stderr] 373 | |                     (Token::Semicolon => {}),);
Dec 02 00:43:27.843 INFO [stderr]     | |_______________________________________________- in this macro invocation
Dec 02 00:43:27.843 INFO [stderr] 
Dec 02 00:43:27.843 INFO [stderr] error[E0432]: unresolved import `self::ast::Scope`
Dec 02 00:43:27.843 INFO [stderr]    --> src/compiler/parser.rs:211:21
Dec 02 00:43:27.843 INFO [stderr]     |
Dec 02 00:43:27.843 INFO [stderr] 211 |                   use $error_type as path;
Dec 02 00:43:27.843 INFO [stderr]     |                       ^^^^^^^^^^^^^^^^^^^ no `Scope` in `compiler::parser::ast`
Dec 02 00:43:27.843 INFO [stderr] ...
Dec 02 00:43:27.843 INFO [stderr] 372 | /             expect_tokens!(tokens, self::ast::Scope, "Expected ;",
Dec 02 00:43:27.843 INFO [stderr] 373 | |                     (Token::Semicolon => {}),);
Dec 02 00:43:27.843 INFO [stderr]     | |_______________________________________________- in this macro invocation
Dec 02 00:43:27.843 INFO [stderr] 
Dec 02 00:43:27.855 INFO [stderr] error[E0433]: failed to resolve: use of undeclared type or module `terminal`
Dec 02 00:43:27.855 INFO [stderr]    --> src/visualizer/ast_tree.rs:166:17
Dec 02 00:43:27.855 INFO [stderr]     |
Dec 02 00:43:27.855 INFO [stderr] 166 | impl ToHtml for terminal::Constness {
Dec 02 00:43:27.855 INFO [stderr]     |                 ^^^^^^^^ use of undeclared type or module `terminal`
Dec 02 00:43:27.855 INFO [stderr] 
Dec 02 00:43:27.891 INFO [stderr] error[E0433]: failed to resolve: use of undeclared type or module `Scope`
Dec 02 00:43:27.891 INFO [stderr]    --> src/visualizer/ast_tree.rs:180:13
Dec 02 00:43:27.891 INFO [stderr]     |
Dec 02 00:43:27.891 INFO [stderr] 180 |             Scope::Closed(v) => {
Dec 02 00:43:27.891 INFO [stderr]     |             ^^^^^ use of undeclared type or module `Scope`
Dec 02 00:43:27.891 INFO [stderr] 
Dec 02 00:43:27.891 INFO [stderr] error[E0433]: failed to resolve: use of undeclared type or module `Scope`
Dec 02 00:43:27.891 INFO [stderr]    --> src/visualizer/ast_tree.rs:186:13
Dec 02 00:43:27.891 INFO [stderr]     |
Dec 02 00:43:27.891 INFO [stderr] 186 |             Scope::Open(s) => (*s).to_html(),
Dec 02 00:43:27.891 INFO [stderr]     |             ^^^^^ use of undeclared type or module `Scope`
Dec 02 00:43:27.891 INFO [stderr] 
Dec 02 00:43:27.891 INFO [stderr] error[E0433]: failed to resolve: use of undeclared type or module `Scope`
Dec 02 00:43:27.891 INFO [stderr]    --> src/visualizer/ast_tree.rs:187:13
Dec 02 00:43:27.891 INFO [stderr]     |
Dec 02 00:43:27.891 INFO [stderr] 187 |             Scope::Error(e) => e.to_html(),
Dec 02 00:43:27.891 INFO [stderr]     |             ^^^^^ use of undeclared type or module `Scope`
Dec 02 00:43:27.891 INFO [stderr] 
Dec 02 00:43:27.891 INFO [stderr] error[E0433]: failed to resolve: use of undeclared type or module `terminal`
Dec 02 00:43:27.891 INFO [stderr]    --> src/visualizer/ast_tree.rs:234:17
Dec 02 00:43:27.891 INFO [stderr]     |
Dec 02 00:43:27.891 INFO [stderr] 234 | impl ToHtml for terminal::Literal {
Dec 02 00:43:27.891 INFO [stderr]     |                 ^^^^^^^^ use of undeclared type or module `terminal`
Dec 02 00:43:27.891 INFO [stderr] 
Dec 02 00:43:27.891 INFO [stderr] error[E0433]: failed to resolve: use of undeclared type or module `terminal`
Dec 02 00:43:27.891 INFO [stderr]    --> src/visualizer/ast_tree.rs:237:13
Dec 02 00:43:27.891 INFO [stderr]     |
Dec 02 00:43:27.891 INFO [stderr] 237 |             terminal::Literal::Float(n) => [
Dec 02 00:43:27.891 INFO [stderr]     |             ^^^^^^^^ use of undeclared type or module `terminal`
Dec 02 00:43:27.891 INFO [stderr] 
Dec 02 00:43:27.891 INFO [stderr] error[E0433]: failed to resolve: use of undeclared type or module `terminal`
Dec 02 00:43:27.891 INFO [stderr]    --> src/visualizer/ast_tree.rs:245:13
Dec 02 00:43:27.891 INFO [stderr]     |
Dec 02 00:43:27.891 INFO [stderr] 245 |             terminal::Literal::Integer(n) => [
Dec 02 00:43:27.891 INFO [stderr]     |             ^^^^^^^^ use of undeclared type or module `terminal`
Dec 02 00:43:27.891 INFO [stderr] 
Dec 02 00:43:27.891 INFO [stderr] error[E0433]: failed to resolve: use of undeclared type or module `terminal`
Dec 02 00:43:27.891 INFO [stderr]    --> src/visualizer/ast_tree.rs:253:13
Dec 02 00:43:27.891 INFO [stderr]     |
Dec 02 00:43:27.891 INFO [stderr] 253 |             terminal::Literal::String(s) => {
Dec 02 00:43:27.891 INFO [stderr]     |             ^^^^^^^^ use of undeclared type or module `terminal`
Dec 02 00:43:27.891 INFO [stderr] 
Dec 02 00:43:27.891 INFO [stderr] error[E0433]: failed to resolve: use of undeclared type or module `terminal`
Dec 02 00:43:27.891 INFO [stderr]    --> src/visualizer/ast_tree.rs:256:13
Dec 02 00:43:27.891 INFO [stderr]     |
Dec 02 00:43:27.891 INFO [stderr] 256 |             terminal::Literal::Bool(b) => [
Dec 02 00:43:27.891 INFO [stderr]     |             ^^^^^^^^ use of undeclared type or module `terminal`
Dec 02 00:43:27.892 INFO [stderr] 
Dec 02 00:43:27.892 INFO [stderr] error[E0412]: cannot find type `Scope` in this scope
Dec 02 00:43:27.892 INFO [stderr]    --> src/visualizer/ast_tree.rs:177:17
Dec 02 00:43:27.892 INFO [stderr]     |
Dec 02 00:43:27.892 INFO [stderr] 177 | impl ToHtml for Scope {
Dec 02 00:43:27.892 INFO [stderr]     |                 ^^^^^ not found in this scope
Dec 02 00:43:27.892 INFO [stderr] 
Dec 02 00:43:27.892 INFO [stderr] error[E0554]: #![feature] may not be used on the beta release channel
Dec 02 00:43:27.892 INFO [stderr]  --> src/main.rs:1:1
Dec 02 00:43:27.892 INFO [stderr]   |
Dec 02 00:43:27.892 INFO [stderr] 1 | #![feature(tool_lints)]
Dec 02 00:43:27.892 INFO [stderr]   | ^^^^^^^^^^^^^^^^^^^^^^^
Dec 02 00:43:27.892 INFO [stderr] 
Dec 02 00:43:27.893 INFO [stderr] error: aborting due to 14 previous errors
Dec 02 00:43:27.893 INFO [stderr] 
Dec 02 00:43:27.893 INFO [stderr] Some errors occurred: E0412, E0432, E0433, E0554.
Dec 02 00:43:27.893 INFO [stderr] For more information about an error, try `rustc --explain E0412`.
Dec 02 00:43:27.919 INFO [stderr] error: Could not compile `lang`.
Dec 02 00:43:27.919 INFO [stderr] 
Dec 02 00:43:27.919 INFO [stderr] To learn more, run the command again with --verbose.
Dec 02 00:43:27.919 INFO [stderr] su: No module specific data is present
Dec 02 00:43:29.359 INFO running `"docker" "inspect" "7750c7c3589a47849043eb44508e21cef1acada691c38cd2fb225fdffc9b6143"`
Dec 02 00:43:29.695 INFO running `"docker" "rm" "-f" "7750c7c3589a47849043eb44508e21cef1acada691c38cd2fb225fdffc9b6143"`
Dec 02 00:43:30.071 INFO [stdout] 7750c7c3589a47849043eb44508e21cef1acada691c38cd2fb225fdffc9b6143
